) be the second derivative of u**7/2520 - u**6/180 + u**5/24 + u**4/6 - u. Let x(p) be the third derivative of d(p). Give x(4).
5
Let x(o) = o**3 - 5*o**2 + 2*o + 5. Let b(c) = -7*c - 3. Let t be b(-1). Calculate x(t).
-3
Let q(i) = i**3 + 7*i**2 + 7*i + 7. Let h be -5*((-36)/(-15) + -3). Suppose -4*n + 9 = -h. Suppose -3 - 15 = n*w. Calculate q(w).
1
Let c(x) = x - 7. Let u(g) = 2*g - 11. Let f(b) = -8*c(b) + 5*u(b). Give f(4).
9
Let t = 9 - 8. Let a(s) = -5*s**3 - s**2 + 4*s**3 + s**2 - t. Calculate a(0).
-1
Let c(u) be the third derivative of -u**5/30 - 5*u**4/24 - 2*u**3/3 + 5*u**2. Calculate c(-3).
-7
Suppose -3*j = -4*j + 3. Let v(c) = 3*c**j - 2*c - c**3 + 6*c**2 - 3*c**3 - 4. Calculate v(5).
11
Let v(a) = a**3 - a**2 - 3*a - 4. Let t(g) = g**2 - 10*g + 3. Let r(h) = h**3 + 9*h**2 - h + 1. Let b be r(-9). Let d be t(b). Determine v(d).
5
Let v(p) = -p**2 + 4. Let z be v(-5). Let i be 74/14 - (-6)/z. Let w(y) be the second derivative of y**5/20 - y**4/2 + y**3 + 2*y**2 - 2*y. Calculate w(i).
9
Let a(l) be the second derivative of -5/2*l**2 + 0 - l**3 + 1/12*l**4 - 8*l. What is a(5)?
-10
Let b(c) = -c + 3. Let f = -14 + 14. Determine b(f).
3
Let k = 59 + -54. Let z(q) = -3*q**3 - 17*q**2 + 14*q + 1. Let w(f) = 2*f**3 + 9*f**2 - 7*f - 1. Let m(v) = -5*w(v) - 3*z(v). What is m(k)?
-8
Let r(z) be the first derivative of z**2/2 + z + 10. Determine r(3).
4
Let p(t) = -7*t**2 + t**3 + t + 5*t + 2*t - 8. Suppose -6*q + 5*q = -6. Give p(q).
4
Let l(b) be the first derivative of b**4/4 + b**3/3 - b**2 - 7. Let k(v) = -v**2 + 2*v + 1. Let i be k(3). Calculate l(i).
0
Let x(m) = -4*m. Suppose -8 = -6*s + 2*s. Suppose 0 = -s*r - 3*r + 5. Determine x(r).
-4
Let q(t) be the third derivative of 4*t**2 + 0 + 1/20*t**5 + 0*t + 1/120*t**6 + 0*t**3 - 1/12*t**4. What is q(-4)?
-8
Let b(a) be the third derivative of -a**4/12 - 2*a**2. Let o(t) = 3*t**2 + 6*t + 3. Let z be o(-2). Calculate b(z).
-6
Let c be 4*((-9)/6)/(-3). Suppose -c*a - 2 + 6 = 0. Suppose a*w = 5*w + 9. Let i(b) = -b**3 - 3*b**2 + 3. What is i(w)?
3
Let r(x) be the second derivative of -x**5/20 + 5*x**4/12 - 2*x**3/3 - x**2/2 + 16*x + 1. What is r(3)?
5
Let u = 5 + -11. Let w(p) = 10*p - 1. Let l(q) = q. Let t(h) = 6*h. Let b(z) = -5*l(z) + t(z). Let c(j) = u*b(j) + w(j). Give c(-1).
-5
Suppose 2*s = 6*s + 24. Let k(b) = -b**2 + 0*b**3 + 0*b**3 - 6*b**2 - 5 - 8*b - b**3. What is k(s)?
7
Suppose -5*t - 13 = 2*c + 2*c, -7 = c + 5*t. Let f = c - 0. Let h(p) = -2*p**3 - 4*p**2 - 2*p. Give h(f).
4
Let l(c) = -6*c - 4. Let o(k) = -3*k - 2. Let z(a) = -3*l(a) + 5*o(a). Give z(-3).
-7
Let p = -1 - -5. Let c(h) = 2*h + 2. Let z be c(-1). Suppose -p*w - w = z. Let m(g) = -g**2 - g - 7. Determine m(w).
-7
Suppose 4*p = -y - 3*y - 4, -2*y - 3*p = -3. Let u(b) = 0*b - b + b**3 - 5 + 6*b**2 + 4. Calculate u(y).
5
Let z(x) be the second derivative of 5/2*x**2 + 0*x**4 + 0*x**3 + 1/20*x**5 - 3*x + 0. Let f = 6 + -6. Calculate z(f).
5
Let g(s) = -27*s + 6. Let c(m) = -24*m + 5. Let n(l) = -6*c(l) + 5*g(l). Suppose 9 = 3*u - 5*h - 8, 2*u = -3*h - 14. Let i = u - 0. Give n(i).
-9
Let y(h) = -h - 10. Let z be 4/18 - (-3664)/36. Let v = z + -286. Let k be v/32 - 1/4. What is y(k)?
-4
Let k(r) = -r**2 + 1. Suppose 7 = -z + 19. Let m be (15/12)/(3/z). Suppose 0 = f + 4 - m. What is k(f)?
0
Suppose 0 = 3*j - 3*n + 21, 3*j + 3*n + 0 = 9. Let x = j + 4. Let g(b) = -2 + 2 + b + 2 + b**x - 4. What is g(-2)?
0
Let u(d) = d**2 - 10*d - 2. Let j(z) = z**2 - 16*z - 3. Let i(g) = 5*j(g) - 8*u(g). Suppose 0 = -2*c + 2 - 0. Give i(c).
-2
Let b(a) be the third derivative of a**6/20 - a**5/10 + 5*a**4/24 - 2*a**3/3 + 2*a**2. Let i(p) = -p**3 + p**2 - p. Let u(c) = b(c) + 5*i(c). Calculate u(0).
-4
Suppose 15 = 7*q - 2*q. Let z(n) = -1 + q + n + n. Let s = -1 + -2. What is z(s)?
-4
Let a(w) be the third derivative of w**5/60 + w**4/6 - w**3/6 - 7*w**2. What is a(-2)?
-5
Suppose 0 = 4*x - 2*g + 4, 6*g = -2*x + 2*g - 2. Let q(w) = 50*w**3 - w + 5. Let k(o) = 10*o**3 + 1. Let h(z) = 11*k(z) - 2*q(z). Determine h(x).
-11
Let i(l) = 7*l**2 - l - 3. Let u(r) = 4*r**2 - 1. Let n(t) = -3*i(t) + 5*u(t). Suppose -4*b - 6 = -18. Give n(b).
4
Let l(b) = b + b + b + 0. Let i be l(1). Let g(m) be the third derivative of m**5/60 - m**4/12 + 2*m**3/3 - 32*m**2 - 3*m. Give g(i).
7
Let l(u) = 8*u + 1. Let c(g) = 7*g + 1. Let r(t) = 6*c(t) - 5*l(t). Let n be ((-6)/4)/((-1)/(-2)). What is r(n)?
-5
Let s(z) = -6*z - 6. Let a(i) = i + 1. Let u(k) = -9*a(k) - s(k). Calculate u(3).
-12
Suppose 17 = 5*v - 2*z, z + 4 = -3*z. Let y(h) = 4 - 5*h + 2 + v*h. Suppose 2*s - 15 = -s. Give y(s).
-4
Suppose -3*b = -3*d, 3*d + 5*b - 1 = -9. Let t be d/(-3) - 152/24. Let z(g) = -g**3 - 6*g**2 + 2*g + 7. Give z(t).
-5
Let z(i) = i. Let o(v) = -v**2 + v - 2. Let j be o(0). What is z(j)?
-2
Let d(p) = 2*p**3 + 3*p**2 + 5*p + 7. Let r(n) = -n**3 - 2*n**2 - 3*n - 4. Let u(c) = 4*d(c) + 7*r(c). What is u(2)?
-2
Let n be -6*(-3)/((-18)/(-3)). Let f(p) = -p**2 + 2*p + 3 + 0 + n + 4*p. What is f(6)?
6
Let i(f) = -3 + 4*f + 2 + 6. Give i(-4).
-11
Let p(t) = 4*t**3 - t**2 - t - 1. Suppose -5*q + 4*k = -15, 0 = 4*q + 2*k + k + 19. Let g be (q - -2)/1*-1. Calculate p(g).
-5
Let z(i) = 6*i. Suppose 3*r + 5 - 26 = -3*l, 2*l = 4*r + 2. Let c(v) = v**2 - 4*v - 7. Let q be c(l). Give z(q).
-12
Let v(y) = -1 - y**3 + 0*y - 2 - y**2 - y + 1. Suppose 0 = -5*m + 2 - 12. Determine v(m).
4
Suppose 3*w + 2 = q - 7, -5*w - 5*q + 5 = 0. Let v(a) = -a**3 + a**2 + 2. Give v(w).
14
Let a(j) = 2*j - 4. Suppose 0 = -2*b + 5*y, -4*b - y - 3*y + 28 = 0. Give a(b).
6
Let z(k) = 6*k + 4. Let s(g) = -6*g - 4. Let r(i) = 2*s(i) + 3*z(i). Let u(j) = 3*j + 2. Let t(b) = -2*r(b) + 5*u(b). What is t(2)?
8
Let a(c) be the second derivative of -c + 0 + 3/2*c**2 + 1/12*c**4 - 4/3*c**3. Give a(7).
-4
Let n(f) = -4*f. Let q(h) = -h + 5. Let i be q(5). Let x = i + 2. Calculate n(x).
-8
Let t(m) = -4*m**2 + 6*m + 7. Let y(s) = 7*s**2 - 11*s - 14. Let l(o) = 5*t(o) + 3*y(o). Determine l(5).
3
Let j be (0 + (2 - 1))*-1. Let o = j - 2. Let p(d) = 4*d**2 + 2*d + 2 - 3 - d**3 - 7*d**2 - 3*d. What is p(o)?
2
Let b(r) = 2*r - 2. Let t be (6/(-7))/((-14)/49). Calculate b(t).
4
Let r(v) be the first derivative of -v**2/2 + 12*v + 9. Determine r(5).
7
Let q(k) = k**2 - 7. Suppose 0*z - 15 = -3*z. Suppose 3*c = -5*i + 5, -z*i + 2*c = -22 - 8. Suppose i*h = 2*h. Give q(h).
-7
Suppose 0 = -4*l + 2*y - 14, -5*l - 5*y - 13 = 12. Let o be (4 + 3)/(6 + -5). Let s(w) = 2*w - 11. Let c(b) = b - 5. Let m(d) = o*c(d) - 3*s(d). Calculate m(l).
-6
Suppose -2*q = 2*x + 8, -3*q + 3*x + 13 = 1. Suppose 27 = -3*w - 3*p, -w + 5*w + 3*p + 31 = 0. Let l = w + q. Let c(d) = -d + 3. What is c(l)?
7
Let z = -5 - -8. Suppose 4*l - 15 = -x, z*l = 3*x + 2*l + 20. Let h(a) = -3*a - 1 + 0 + 2*a. What is h(x)?
4
Let x(n) = n**3 - 7*n**2 + 5*n + 5. Suppose 6 = 17*p - 16*p. Give x(p).
-1
Suppose 10 = 5*y + 5*z, 2*z + 0*z - 12 = 2*y. Let m(j) = -j - 2. What is m(y)?
0
Let w(c) = c**3 + 4*c**2 - 4*c + 6. Let z be w(-5). Let o(n) be the second derivative of -7/12*n**4 - 1/2*n**2 + 1/3*n**3 - 2*n + 0. Calculate o(z).
-6
Suppose 2*p - 4*i = -18, 4*p + p + 5*i = 0. Let m be (p/2 + 2)*-8. Let c(v) = -v**2 - 2*v + 1. What is c(m)?
-7
Let g(p) be the first derivative of 4/3*p**3 - 1/4*p**4 + 1 + 1/2*p**2 - 4*p. Suppose 28 = 6*v + 4. What is g(v)?
0
Let s(m) = 4*m**2 + m. Let b(z) = -5*z**2 - z. Let c(o) = 3*b(o) + 4*s(o). Suppose 0 = 4*d - 9*d. Suppose u + 2*u = d. What is c(u)?
0
Let a(d) = -3 - 5*d + 0*d**2 + 0 - 3*d**2 + d**2. Determine a(-4).
-15
Suppose 0 = -4*x + 14 + 2. Let u(s) be the second derivative of s**4/6 - s**3 + 5*s**2/2 + 37*s - 2. Give u(x).
13
Let r be -18*(2 - (-16)/(-6)). Let h = r + -8. Let l(c) = -c + 9. What is l(h)?
5
Let z = -8 + 16. Let n(j) = -7*j + z*j - 2*j. Give n(6).
-6
Let f(v) = 5*v**2 - v + 1. Let y be 2/3*(-6)/4. Let n(h) = 3*h - 10. Let i be n(4). Let t = y + i. What is f(t)?
5
Let m(t) = -t**2 - 8*t - 2. Suppose 2*c - 7 = 3*c. What is m(c)?
5
Let n(j) be the first derivative of -j**6/60 - 5*j**3/3 - 2. Let w(d) be the third derivative of n(d). What is w(1)?
-6
Let y(a) = -2*a**2 + 1. Let r be ((-9)/(-6))/((-12)/(-16)). Suppose -j = 4*w - 25, -j = -6*j - 3*w + 57. Let v be ((-6)/j)/(r/6). Calculate y(v).
-7
Let s(z) = z